{"id":519,"date":"2023-09-07T15:35:08","date_gmt":"2023-09-07T13:35:08","guid":{"rendered":"https:\/\/freihof-sulgen.ch\/?page_id=519"},"modified":"2023-09-07T15:35:08","modified_gmt":"2023-09-07T13:35:08","slug":"datenschutzerklaerung","status":"publish","type":"page","link":"https:\/\/freihof-sulgen.ch\/?page_id=519","title":{"rendered":"Datenschutzerkl\u00e4rung"},"content":{"rendered":"\n<p>Stand 31.08.2023<\/p>\n\n\n\n<p>Der Schutz Ihrer pers\u00f6nlichen Daten ist uns wichtig. Bei der Speicherung und Verarbeitung Ihrer Benutzerdaten werden deshalb die massgebenden eidgen\u00f6ssischen und kantonalen Datenschutzbestimmungen eingehalten:<\/p>\n\n\n\n<h2 class=\"wp-block-heading\">Datenschutz<\/h2>\n\n\n\n<p>Bei Ihrem Zugriff auf unser Online-Angebot werden verschiedene Daten wie IP-Adresse, Datum, Uhrzeit, besuchte Seiten, Ger\u00e4teangaben usw. f\u00fcr statistische Zwecke anonym gespeichert. Die erstellten Statistiken lassen jedoch keine R\u00fcckschl\u00fcsse auf einzelne Web-Benutzer zu.<\/p>\n\n\n\n<p>Gem\u00e4ss Bundesgesetz betreffend die \u00dcberwachung des Post- und Fernmeldeverkehrs (B\u00dcPF) m\u00fcssen die Verbindungsdaten w\u00e4hrend sechs Monaten durch unseren Hosting-Partner aufbewahrt werden. Diese Daten werden ausschliesslich im Zusammenhang mit m\u00f6glichen Straftaten auf Gesuch an berechtigte Polizei- und weitere berechtigte Beh\u00f6rden und Dienste des Bundes und\/oder des Kantons weitergegeben und in allen anderen F\u00e4llen nach Ablauf der Aufbewahrungsfrist gel\u00f6scht.<\/p>\n\n\n\n<p>Wenn Sie uns online personenbezogene Informationen zustellen, so dienen diese Personendaten einzig dem uns erteilten Auftrag. Je nach Art des Dienstes k\u00f6nnen dabei unterschiedliche Software-Komponenten und die Betreiber dieser Komponenten involviert werden. Solche Dritte unterstehen wie wir der gemeinsamen Verpflichtung, die Bestimmungen des Datenschutzes vollumf\u00e4nglich einzuhalten und Personendaten einzig gem\u00e4ss dem definierten Auftrag und f\u00fcr den deklarierten Zweck zu verwenden.<\/p>\n\n\n\n<p>Unser System arbeitet mit gezielt genutzten Cookies, um den Benutzer\/-innen eine h\u00f6here Bedienerfreundlichkeit anzubieten. Cookies sind kleine Dateien, die zwischen dem Browser (z.B. Internet Explorer, Chrome, Safari, Firefox usw.) der Benutzer\/-innen und dem Webserver ausgetauscht werden und die vom Browser der Benutzer\/-innen auf die Festplatte geschrieben werden. Sie k\u00f6nnen die Cookies auch ausschalten (unter Browser-Einstellungen &gt; Datenschutz).<\/p>\n\n\n\n<p>Bitte beachten Sie, dass E-Mails von Ihnen an uns oder von uns an Sie nicht verschl\u00fcsselt werden und damit auch nicht als sicheres Kommunikationsmittel gelten. E-Mails k\u00f6nnen zwischengespeichert, ausgewertet und von Zwischenstellen gelesen werden, zum Beispiel von E-Mail-Providern (Bluewin, Hotmail, Gmail, Cablecom etc.) oder Arbeitgebern (bei Gesch\u00e4fts-E-Mails), aber auch durch Angreifer (sog. \u00abMen in the Middle\u00bb), besonders (aber nicht ausschliesslich) bei der Verwendung von WLAN. Verwenden Sie also E-Mails weder f\u00fcr vertrauliche Sachverhalte noch f\u00fcr vertrauliche Daten, insbesondere nicht f\u00fcr Personendaten.<\/p>\n\n\n\n<h2 class=\"wp-block-heading\">Datensicherheit<\/h2>\n\n\n\n<p>Die \u00dcbermittlung von Daten \u00fcber das Internet ist leider nicht absolut sicher. Wir arbeitet mit Dienstleistern und Internetanbietern zusammen, welche angemessene technische und organisatorische Sicherheitsvorkehrungen treffen, um die personenbezogenen Daten der Nutzer zu sch\u00fctzen. Wir k\u00f6nnen jedoch keine Garantie f\u00fcr die Sicherheit der vom Nutzer \u00fcbermittelten Daten \u00fcbernehmen. Jede Daten\u00fcbertragung erfolgt daher auf eigenes Risiko.<\/p>\n\n\n\n<p>F\u00fcr weitere Ausk\u00fcnfte stehen wir Ihnen gern zur Verf\u00fcgung.<\/p>\n\n\n\n<p>Carina Felix<br>Kradolfstrasse 41<br>8583 Sulgen<br>Schweiz<br>carina.felix@gmx.ch<\/p>\n","protected":false},"excerpt":{"rendered":"<p>Stand 31.08.2023 Der Schutz Ihrer pers\u00f6nlichen Daten ist uns wichtig. Bei der Speicherung und Verarbeitung Ihrer Benutzerdaten werden deshalb die massgebenden eidgen\u00f6ssischen und kantonalen Datenschutzbestimmungen eingehalten: Datenschutz Bei Ihrem Zugriff auf unser Online-Angebot werden verschiedene Daten wie IP-Adresse, Datum, Uhrzeit, besuchte Seiten, Ger\u00e4teangaben usw. f\u00fcr statistische Zwecke anonym gespeichert. Die erstellten Statistiken lassen jedoch keine [&hellip;]<\/p>\n","protected":false},"author":2,"featured_media":0,"parent":0,"menu_order":0,"comment_status":"closed","ping_status":"closed","template":"","meta":{"footnotes":""},"_links":{"self":[{"href":"https:\/\/freihof-sulgen.ch\/index.php?rest_route=\/wp\/v2\/pages\/519"}],"collection":[{"href":"https:\/\/freihof-sulgen.ch\/index.php?rest_route=\/wp\/v2\/pages"}],"about":[{"href":"https:\/\/freihof-sulgen.ch\/index.php?rest_route=\/wp\/v2\/types\/page"}],"author":[{"embeddable":true,"href":"https:\/\/freihof-sulgen.ch\/index.php?rest_route=\/wp\/v2\/users\/2"}],"replies":[{"embeddable":true,"href":"https:\/\/freihof-sulgen.ch\/index.php?rest_route=%2Fwp%2Fv2%2Fcomments&post=519"}],"version-history":[{"count":1,"href":"https:\/\/freihof-sulgen.ch\/index.php?rest_route=\/wp\/v2\/pages\/519\/revisions"}],"predecessor-version":[{"id":520,"href":"https:\/\/freihof-sulgen.ch\/index.php?rest_route=\/wp\/v2\/pages\/519\/revisions\/520"}],"wp:attachment":[{"href":"https:\/\/freihof-sulgen.ch\/index.php?rest_route=%2Fwp%2Fv2%2Fmedia&parent=519"}],"curies":[{"name":"wp","href":"https:\/\/api.w.org\/{rel}","templated":true}]}}